+ o - 1. Suppose 12 = -13*s + 25. What is z(s)?
-10
Let d(p) = -p**3 - 7*p**2 - 6*p + 1. Let m(f) = -2*f**3 - 13*f**2 + 6*f - 12. Let b be m(-7). What is d(b)?
-19
Let q(l) = -l**2 + 5*l + 5. Suppose h + 4 = 8. Suppose 0 = -c + h*z + 14, -5*c + 5*z = -11 - 29. Determine q(c).
-1
Let l(g) = 2*g + 1. Suppose 3 = -3*o, -2*y + 3*o + 0*o - 3 = 0. Let z(a) = a**2 - 2*a - 1. Let t(f) = y*l(f) - 2*z(f). Determine t(-1).
-1
Let c(z) be the first derivative of 1/2*z**2 - 3 - z. Suppose -30 = -5*l - 5*b, 0*l + 3*l - 18 = b. Determine c(l).
5
Suppose -5*a + 5*f = -35, f = 5*a - 15 - 8. Suppose -a*m - 7 + 35 = 0. Suppose -27 = 4*k - m. Let t(l) = l**3 + 5*l**2 - 6. Calculate t(k).
-6
Suppose -4*y - 3 = 1. Let u(g) be the second derivative of -g**5/5 + g**4/12 - g**2/2 + 36*g. Calculate u(y).
4
Let j(h) = h**3 + 7*h**2 + 3*h. Suppose 0 = -2*k - 4*r + 10, -26*k - 4*r = -28*k - 22. Give j(k).
27
Let t(f) = 16*f**2 + 0*f**3 + 9 + 6*f**3 - f**3 - 9*f - 6*f**2. Let r(h) = -14*h**3 - 29*h**2 + 26*h - 26. Let u(k) = 6*r(k) + 17*t(k). What is u(2)?
-5
Let p(t) = t - 2. Let m(z) = -2*z**2 + 17*z - 11. Let u(j) = m(j) + 2*p(j). What is u(8)?
9
Let o(h) = 1 + 2 + 2*h - 3*h**2 + 0*h. Let z = -15 + 10. Let w(t) = -2*t - 12. Let n be w(z). What is o(n)?
-13
Let m = 219 + -1309/6. Let h(v) be the third derivative of -1/20*v**5 + 4*v**2 - 1/120*v**6 + 0*v + 0 + m*v**3 + 5/24*v**4. Determine h(-4).
1
Let i(p) = p**3 + 12*p**2 - 4*p - 17. Let f be i(-12). Let k = 33 - f. Let r(a) = -3*a**3 - 4*a**k - 2*a**2 + a**3 - 5*a + 5 + a**3. Give r(-5).
5
Let g be (-4)/(-2) + -1 + 3. Suppose 7*v - 3*v + g = 0. Let r(t) = -110*t + 53*t + 40*t. What is r(v)?
17
Let m = -6 + 12. Suppose 0*r + r = -m. Let i(h) = 3*h**2 - 4*h - 2. Let u(z) = -8*z**2 + 13*z + 6. Let l(k) = 11*i(k) + 4*u(k). Determine l(r).
-10
Let k(t) be the third derivative of -t**6/60 - t**5/60 + t**4/6 + t**3/3 - 5*t**2 + 21*t. Determine k(-2).
6
Let c(y) be the third derivative of -y**5/120 - y**4/3 + 31*y**3/6 + 24*y**2. Let h(r) be the first derivative of c(r). Give h(-4).
-4
Suppose -4*q = -12, -4*q + 8 = 2*d + 2*d. Let a(t) = -11*t**2 + 2*t + 2. Determine a(d).
-11
Let a(c) = c**3 - 4*c**2 - 2*c + 5. Let m = 1 + 15. Suppose -2*k + 2*u = -2*u - m, 0 = 5*k - 3*u - 26. Calculate a(k).
-3
Let n(w) = 9*w - 3. Let i(t) = 6*t - 1. Let x(m) = -m. Let b(o) = i(o) + 5*x(o). Let y(z) = -2*b(z) + n(z). Calculate y(2).
13
Let u(f) = 5*f - 3. Suppose -3*b + 4 = -3*h + 16, -3*b = -4*h + 13. Let y be 20/9 - ((-87)/(-27) + b). What is u(y)?
7
Let o(h) = -h**2 + 2*h - 8*h - 1 + 2. Let z(q) = -5*q - 45. Let v be z(-8). Give o(v).
6
Let i = -35 - -37. Let o(m) = 6*m + 13 - i*m**2 - 6 + 0. Let t be 2/(-2*2/(-10)). What is o(t)?
-13
Suppose 46*u - 6*u - 360 = 0. Let a(c) = 2*c**2 - 11*c + 3. What is a(u)?
66
Let m(b) = -b - 1. Let c(q) = 6*q + 4. Let y(v) = -c(v) - 5*m(v). Let w(k) = -6*k + 6. Let h(l) = w(l) - 5*y(l). Calculate h(-3).
4
Let i(s) = -13*s + 16 - 28 + 8. Calculate i(-3).
35
Let r(a) = 8*a - 2 - 25*a + 6 + 13*a. Give r(3).
-8
Suppose -10*g - 6 - 54 = 0. Let m(q) = -6*q**3 + 13*q**2 + 10*q + 3. Let s(b) = 7*b**3 - 14*b**2 - 12*b - 4. Let v(y) = g*m(y) - 5*s(y). Determine v(8).
2
Let r = -3 + 2. Let s(k) = -10*k**2 - 1. Suppose -3*p + p + 4 = 0. Let i(b) = -b. Let l(w) = p*i(w) + s(w). Calculate l(r).
-9
Suppose 3*g - 3 = 4*j, 6*j = -4*g + 9*j + 4. Let r(y) = -5*y**3 + 2*y**2 - 1. Calculate r(g).
-4
Let h(o) be the second derivative of o**5/20 + 11*o**4/12 + 2*o**3 - 5*o**2 - 638*o. Give h(-9).
44
Suppose 5*u - 21 = 3*z, 0 = -u + 3*u - 6. Let k(c) = 2*c**2 + c - 4. What is k(z)?
2
Let r(z) = z**3 - 6*z**2 - 20*z + 84. Let u be r(7). Let o(c) = -c**2 - 11*c - 23. Give o(u).
5
Let v(b) = -b. Let m(t) = -7*t**2 - 6*t - 2. Let c(g) = m(g) - 6*v(g). Let d(i) = 20*i**2 - i + 6. Let p(a) = -17*c(a) - 6*d(a). Give p(7).
-9
Let r be (-84)/70*(-3 - 116/(-12)). Let y(j) = -j**2 - 9*j + 6. Give y(r).
14
Let i(m) be the second derivative of -4/3*m**3 - 2*m**2 + 2*m + 1/60*m**5 + 0 - 1/4*m**4. Let h(q) be the first derivative of i(q). Give h(7).
-1
Let d(l) = l**3 + l**2 - 12. Let w(a) = a**3 - 10*a**2 + 9*a - 1. Let k be w(9). Let y = k + 1. Calculate d(y).
-12
Let m(v) = 267 - 175 - 99 - 14*v. What is m(-6)?
77
Let d = -34 + 45. Let s(y) = 0 + 6 - 5 + d*y - y. What is s(-1)?
-9
Let h(z) = -z + 1. Let d be h(0). Let o(u) = -7 - d - 3*u - 1 + 4*u. Let m be o(7). Let g(n) = 3*n**2 + 2*n - 2. Calculate g(m).
6
Let v(q) = q**2 + q. Let w(l) = 3*l**2 + 4*l - 1. Let k(x) = 2*v(x) - w(x). Let s(i) = i**3 + 5*i**2 - i - 9. Let z be s(-5). Determine k(z).
-7
Suppose 2*b + 72 = -4*b. Let h(a) = a**2 + 12*a - 4. What is h(b)?
-4
Let d(b) = b**2 + 12*b + 5. Suppose -4*u + 6*u - a = -25, 3*u + 45 = 4*a. What is d(u)?
-6
Let m(j) be the third derivative of j**4/24 - j**3/2 - j**2. Suppose 6*a - 11 - 43 = 0. Suppose 0 = 56*h - 53*h + a. What is m(h)?
-6
Let l be (2/(-5))/(248/250 - 1). Let d(x) = -x - 6*x**2 + 49*x**3 - x - l*x**3 + 4 - x. Determine d(-6).
22
Let z(h) = -1 + 12*h - 3*h**2 - 6*h**3 + h**2 + 2*h**2 - 10*h. Give z(1).
-5
Let q(y) = y**3 - 10*y**2 + 7*y - 13. Let h(b) = -b**3 + 6*b**2 - 17*b + 45. Let f be h(4). Calculate q(f).
-31
Suppose -9 = 6*w - 15. Let a(v) = -9*v + 15*v + 7 + 0*v**2 + v**2 - w. Calculate a(-7).
13
Let y(r) be the second derivative of -r**4/12 + r**3/2 + 3*r**2/2 + 3*r - 9. What is y(3)?
3
Let r(k) = k**2 + 6*k + 1. Let i = 205 + -210. Give r(i).
-4
Suppose 7 = 4*g - 3*g. Suppose -4*j = 4*w, -w + g*j - 4*j = -16. Let a(n) = 1 - 4*n**3 + 5*n + 5*n**2 + 5*n**3 - w*n. Calculate a(-4).
13
Let i(p) = p**2 + 12*p + 5. Suppose -19*t + 24*t = -a - 2, -68 = 5*a - 4*t. Calculate i(a).
5
Let b(s) be the second derivative of -4*s + 1/2*s**2 + 11/6*s**3 + 0. Let d = -170 + 171. Calculate b(d).
12
Let d be (2/(-5))/(10/(-100)). Suppose -u + 15 = -d*u. Let g(l) be the second derivative of -l**3/6 - 3*l**2/2 + 13*l. Calculate g(u).
2
Let y(c) = c**3 - 7*c**2 + 7*c. Suppose 6*g - 12 = 4*w + 5*g, -5*g + 12 = 4*w. Let i be 3 - (3 - w) - -8. Let j = 12 - i. What is y(j)?
6
Let m(x) = -1. Let v(s) = -s - 2. Let q(b) = -5*m(b) + v(b). Suppose -9 = -f - 6. Give q(f).
0
Let r(q) = q**2 + 11*q + 12. Let b be r(-9). Let h(z) = -z**2 + 52*z + 55*z - 115*z - 5. Determine h(b).
7
Let w(z) be the third derivative of z**9/60480 - z**8/5040 + z**7/1008 - z**6/180 - 7*z**5/60 + 17*z**2. Let i(x) be the third derivative of w(x). Give i(3).
2
Let z(p) be the first derivative of -1/4*p**4 + 1/3*p**3 + 1/2*p**2 - 4*p - 3. Calculate z(0).
-4
Let o(i) = -5*i - 10 + 0*i**2 + 3*i**2 + 9107*i**3 - 9106*i**3. Give o(-4).
-6
Suppose 106*q - 100*q + 24 = 0. Let w(r) = -r**2 - 4*r - 2. Calculate w(q).
-2
Let v(f) = -f**3 + 7*f**2 + 10*f - 11. Let l be v(8). Let u = 5 - l. Let a(j) = 2*j - 1. Let r be a(u). Let q(z) = z + 1. Calculate q(r).
0
Let a(c) = 5*c**2 + c - 2. Let f be (((-6)/4)/(-3))/((-2)/(-4)). Let t be a(f). Let k(g) = 3*g + 3 - 2*g + 5*g**2 + g - g**3 - 5*g. What is k(t)?
7
Let n(r) = -3*r**2 - 14 + 4 + 2*r**2 - 8*r. Let s be n(-6). Suppose -2*p + s*m = -14, -3*p + 13 = m - 4. Let g(l) = l - 5. Give g(p).
1
Let h(t) = 1 + 6*t - 7*t - 2 - 2 - 3. Let r be (-46)/12 - 2/12. What is h(r)?
-2
Suppose -4*q - 6*b - 20 = -2*b, -5*b + 25 = -5*q. Let a(w) = -3*w - 19. Give a(q).
-4
Let a be 3 - 4 - (-6)/6. Suppose -6*d - 1 + 7 = a. Let v(t) = t - 1. Give v(d).
0
Let k(v) = 2*v - 3. Let f(t) be the second derivative of -t**4/12 - t**3 - 3*t**2/2 - 5*t. Let w be f(-3). Suppose -2*d = d - w. Determine k(d).
1
Let q(i) be the second derivative of -i**7/2520 + i**6/240 + i**5/30 + 5*i**4/6 - 19*i. Let v(a) be the third derivative of q(a). Calculate v(3).
4
Let w(x) = x**2 - 11*x + 5. Let l be w(11). Suppose u - l*u = 2*r + 154, 2*u - 199 = 3*r. Let c be r/(-12) + (-2)/(-8). Let z(k) = -k. Give z(c).
-6
Let s(u) = -3*u - 1. Let y = 93 - 98. Calculate s(y).
14
Let a = 560 + -562. Let p(v) = -6*v + 2. Give p(a).
14
Let r(h) be the third derivative of -h**5/120 - 3*h**4/8 + 5*h**3/6 + 3*h**2. Let m(w) be the first derivative of r(w). Let s = 19 - 19. Give m(s).
-9
Let r = 3 - -3. Let u(m) = m + 13. Let v be u(-5). Let o(q) = -7*q - 7 - 6 + v*q. Calculate o(r).
-7
Suppose 17*x - 3 = 184. Let u(d) = -d**3 + 10*d**2 + 11*d + 8. Determine u(x).
8
Let z(i) = i - 1. Let